 1929 is divided by 140.
109
Calculate the remainder when 3675 is divided by 603.
57
What is the remainder when 24743 is divided by 72?
47
What is the remainder when 66898 is divided by 10?
8
Calculate the remainder when 101677 is divided by 310.
307
Calculate the remainder when 296201 is divided by 198.
191
Calculate the remainder when 1126 is divided by 94.
92
Calculate the remainder when 66275 is divided by 263.
262
Calculate the remainder when 171236 is divided by 109.
106
What is the remainder when 110187 is divided by 251?
249
What is the remainder when 61550 is divided by 20371?
437
What is the remainder when 796 is divided by 130?
16
What is the remainder when 1125 is divided by 372?
9
Calculate the remainder when 67356 is divided by 936.
900
What is the remainder when 13279 is divided by 95?
74
What is the remainder when 15522 is divided by 1551?
12
What is the remainder when 3708 is divided by 116?
112
Calculate the remainder when 129148 is divided by 150.
148
What is the remainder when 17343 is divided by 49?
46
Calculate the remainder when 931 is divided by 455.
21
Calculate the remainder when 1157 is divided by 588.
569
Calculate the remainder when 3139 is divided by 44.
15
What is the remainder when 351 is divided by 250?
101
What is the remainder when 225 is divided by 38?
35
What is the remainder when 1114 is divided by 19?
12
Calculate the remainder when 1332739 is divided by 12.
7
What is the remainder when 45641 is divided by 5070?
11
Calculate the remainder when 5209 is divided by 5180.
29
Calculate the remainder when 108168 is divided by 17.
14
Calculate the remainder when 31929 is divided by 40.
9
Calculate the remainder when 760102 is divided by 190023.
10
What is the remainder when 23015 is divided by 3284?
27
What is the remainder when 78196 is divided by 416?
404
What is the remainder when 8524 is divided by 1412?
52
Calculate the remainder when 2826 is divided by 189.
180
Calculate the remainder when 982 is divided by 688.
294
What is the remainder when 59002 is divided by 808?
18
What is the remainder when 38609 is divided by 197?
194
What is the remainder when 3536 is divided by 722?
648
What is the remainder when 7188 is divided by 997?
209
Calculate the remainder when 61360 is divided by 43.
42
What is the remainder when 8288 is divided by 1373?
50
Calculate the remainder when 312354 is divided by 285.
279
Calculate the remainder when 7971 is divided by 2654.
9
Calculate the remainder when 58155 is divided by 217.
216
What is the remainder when 7877 is divided by 7851?
26
What is the remainder when 91852 is divided by 9178?
72
Calculate the remainder when 17184 is divided by 3431.
29
What is the remainder when 782021 is divided by 1321?
1310
Calculate the remainder when 6270 is divided by 369.
366
Calculate the remainder when 1894 is divided by 214.
182
What is the remainder when 28275 is divided by 9416?
27
What is the remainder when 1317 is divided by 44?
41
Calculate the remainder when 844253 is divided by 211060.
13
Calculate the remainder when 696754 is divided by 66.
58
What is the remainder when 635 is divided by 263?
109
What is the remainder when 7617 is divided by 121?
115
Calculate the remainder when 4920629 is divided by 2886.
2885
What is the remainder when 4303 is divided by 84?
19
What is the remainder when 132349 is divided by 16?
13
What is the remainder when 8927 is divided by 523?
36
What is the remainder when 5293 is divided by 1704?
181
Calculate the remainder when 2322 is divided by 745.
87
Calculate the remainder when 707227 is divided by 1037.
1030
What is the remainder when 22835 is divided by 173?
172
What is the remainder when 9372 is divided by 665?
62
What is the remainder when 1131967 is divided by 32?
31
Calculate the remainder when 19401 is divided by 422.
411
Calculate the remainder when 68494 is divided by 1343.
1
Calculate the remainder when 875548 is divided by 15.
13
What is the remainder when 29397 is divided by 1438?
637
What is the remainder when 13027 is divided by 35?
7
Calculate the remainder when 1106 is divided by 519.
68
Calculate the remainder when 1943 is divided by 248.
207
What is the remainder when 31988 is divided by 10?
8
Calculate the remainder when 20795 is divided by 14.
5
Calculate the remainder when 2533 is divided by 780.
193
Calculate the remainder when 12369 is divided by 324.
57
Calculate the remainder when 24606 is divided by 973.
281
What is the remainder when 14031 is divided by 19?
9
Calculate the remainder when 85447 is divided by 22.
21
What is the remainder when 39989 is divided by 181?
169
Calculate the remainder when 35219 is divided by 8804.
3
What is the remainder when 171791 is divided by 85895?
1
Calculate the remainder when 705370 is divided by 2788.
6
Calculate the remainder when 88460 is divided by 32.
12
What is the remainder when 204 is divided by 112?
92
What is the remainder when 70664 is divided by 70658?
6
Calculate the remainder when 6119098 is divided by 975.
973
What is the remainder when 9525 is divided by 175?
75
Calculate the remainder when 1111 is divided by 940.
171
Calculate the remainder when 9144 is divided by 541.
488
What is the remainder when 63694 is divided by 31843?
8
What is the remainder when 2944 is divided by 438?
316
Calculate the remainder when 55144 is divided by 18.
10
Calculate the remainder when 1621 is divided by 794.
33
What is the remainder when 40225 is divided by 11?
9
What is the remainder when 61564 is divided by 62?
60
Calculate the remainder when 21738 is divided by 113.
42
What is the remainder when 60378 is divided by 38?
34
What is the remainder when 20706 is divided by 4891?
1142
What is the remainder when 4616 is divided by 36?
8
Calculate the remainder when 7438 is divided by 1052.
74
What is the remainder when 15256 is divided by 3037?
71
What is the remainder when 274383 is divided by 807?
3
What is the remainder when 16762 is divided by 5503?
253
Calculate the remainder when 970 is divided by 531.
439
What is the remainder when 8797 is divided by 5?
2
Calculate the remainder when 47458 is divided by 9484.
38
What is the remainder when 64241 is divided by 91?
86
What is the remainder when 351362 is divided by 7808?
2
What is the remainder when 4740 is divided by 30?
0
What is the remainder when 1893 is divided by 66?
45
Calculate the remainder when 246916 is divided by 123445.
26
Calculate the remainder when 2822 is divided by 66.
50
What is the remainder when 9638 is divided by 4819?
0
What is the remainder when 27631 is divided by 13?
6
Calculate the remainder when 2146 is divided by 913.
320
What is the remainder when 7400 is divided by 922?
24
What is the remainder when 127998 is divided by 320?
318
What is the remainder when 37670 is divided by 322?
318
Calculate the remainder when 871 is divided by 686.
185
What is the remainder when 975 is divided by 12?
3
Calculate the remainder when 363547 is divided by 1.
0
Calculate the remainder when 26579 is divided by 26365.
214
What is the remainder when 15106 is divided by 15055?
51
Calculate the remainder when 11502 is divided by 93.
63
Calculate the remainder when 46218 is divided by 20.
18
Calculate the remainder when 2383 is divided by 11.
7
Calculate the remainder when 389326 is divided by 46.
28
What is the remainder when 638877 is divided by 212959?
0
What is the remainder when 63129 is divided by 2?
1
Calculate the remainder when 3026241 is divided by 156.
153
Calculate the remainder when 3478 is divided by 13.
7
What is the remainder when 55021 is divided by 27470?
81
Calculate the remainder when 37125 is divided by 547.
476
What is the remainder when 25746 is divided by 103?
99
Calculate the remainder when 967 is divided by 428.
111
What is the remainder when 35225 is divided by 122?
89
Calculate the remainder when 138844 is divided by 296.
20
What is the remainder when 3147 is divided by 1226?
695
Calculate the remainder when 45937 is divided by 2088.
1
Calculate the remainder when 15232 is divided by 3807.
4
What is the remainder when 7027 is divided by 3461?
105
What is the remainder when 105425 is divided by 33?
23
Calculate the remainder when 2315 is divided by 2286.
29
What is the remainder when 3273 is divided by 317